z be (21/9 + -2)/((-1)/201). Let v = 101 + z. What are the prime factors of v?
2, 17
List the prime factors of 113896/36 - 0 - (-6)/27.
2, 7, 113
Suppose -27524 = -12*q - 3908. What are the prime factors of q?
2, 3, 41
Suppose 0 = t + 5, 5*t = -z + 3*t - 4. Let m = z - -29. What are the prime factors of m?
5, 7
Suppose -5*h - 3 = -33. Let v(l) = -l**2 + 12*l + 3. Let o(d) = d**2 - 13*d - 3. Let j(s) = 5*o(s) + 6*v(s). List the prime factors of j(h).
3
Let t = -930 + 2469. List the prime factors of t.
3, 19
Let o(a) be the second derivative of -a**4/12 - 2*a**3 + 27*a**2/2 + 8*a. List the prime factors of o(-11).
2, 19
Suppose -3*y - 5*f = -283, y = -y + 3*f + 195. Suppose -2*v + y = -0*v. List the prime factors of v.
2, 3
What are the prime factors of (7620/18)/((-2)/(-9))?
3, 5, 127
Suppose 0 = 3*l - 7*l + x + 11472, -l + 2887 = -5*x. What are the prime factors of l?
47, 61
Let t = 38 - 34. Suppose -4*f = 4*l + 92, -2*l + l = 2. Let m = t - f. What are the prime factors of m?
5
Suppose -4*d - 2*i + 2006 = 0, 0 = 2*d - 4*i - 284 - 724. What are the prime factors of d?
2, 251
Suppose 153*h - 144*h = 9684. What are the prime factors of h?
2, 269
Let l = 21 + -17. Suppose -2*q = 5*h - 115, q + 5*h = l*q - 235. What are the prime factors of q?
2, 5, 7
Let a(y) = -60*y - 12. Let l be a(-8). Suppose -l = -8*o + 644. List the prime factors of o.
139
List the prime factors of (36/(-10))/(((-296)/240)/37).
2, 3
Let s = 16 - 21. Let m be (s/10)/(1/(-34)). Let d = m - 0. What are the prime factors of d?
17
Let t(p) = -p**2 + 5*p + 2. Let b be t(4). Suppose -3*q + 1 + 12 = -2*n, b = 2*q. List the prime factors of 166/4 + 3/n.
2, 5
Suppose -9 = -u - 3*p + 2*p, -4*u - p = -27. Suppose 0 = -d + a + 10, -2*d + u*d = 2*a + 42. What are the prime factors of d?
11
Let j(f) = 7*f**3 - 3*f**2 - 10*f - 3. Let b(s) = 15*s**3 - 5*s**2 - 21*s - 6. Let y = -9 + -4. Let o(p) = y*j(p) + 6*b(p). What are the prime factors of o(9)?
3, 13
Let j be (-3)/9 - (-35)/15. Let m(o) = o**3 + 8*o**2 + 6*o + 3. Let u be m(-6). Suppose -j*b = b - u. List the prime factors of b.
13
Let n be (-20)/(-30) + (-2)/(-6). Let r be -3 - (n/1 + 1). Let i(l) = -6*l - 10. What are the prime factors of i(r)?
2, 5
Let b = 73 - 68. Suppose 0 = 9*n - b*n - 328. What are the prime factors of n?
2, 41
Suppose 75*y + 390 = 80*y. List the prime factors of y.
2, 3, 13
Let j(p) = -17*p + 866. What are the prime factors of j(0)?
2, 433
What are the prime factors of ((-660)/(-25) - 12)/(9/3210)?
2, 3, 107
Let w = -35 - -93. Suppose 0 = 2*p - 4*c + 3*c - 6, -5*c = -3*p + 2. Suppose -q = q - p*i - w, 19 = q - 4*i. What are the prime factors of q?
3, 13
Suppose 10 = -3*b - 2*z, -4*z = 6*b - 2*b + 20. Let c be (-1)/((-1)/8*2). Suppose c*q - 12 = b, -2*o + 8*q = 3*q - 17. What are the prime factors of o?
2
Let w = 1 + 69. List the prime factors of w.
2, 5, 7
Suppose 0 = -411*h + 408*h + 1413. List the prime factors of h.
3, 157
Suppose 0 = 13*o + 19*o - 6912. What are the prime factors of o?
2, 3
Suppose 0 = -2*n + 63 + 75. Let x = n + -30. List the prime factors of x.
3, 13
Let r = 313 - 155. List the prime factors of r.
2, 79
Let i be ((-4)/6)/((-2)/(-3)). List the prime factors of i/(8/(-102))*128/48.
2, 17
Suppose 60*m + 1908 = 69*m. List the prime factors of m.
2, 53
Let a(m) = m**2 + m - 2. Let j be a(-4). What are the prime factors of (590/4)/(((-25)/j)/(-5))?
5, 59
Suppose -330 + 854 = 4*r. What are the prime factors of r?
131
Let w be 6/(-3) - -4 - 23. Let v = 14 + -21. Let q = v - w. List the prime factors of q.
2, 7
Let t(r) = -1 - r**3 + 15*r**2 + 2 - 14*r**2. Let c = 6 - 9. List the prime factors of t(c).
37
Let g(o) = 3*o**2 - 1. Let x be g(1). Suppose -x*u = -4*u + 122. List the prime factors of u.
61
Let d(s) = s**3 + 8*s**2 + 5*s + 9. Let g be d(-6). Suppose 4*o + a + 8 = 51, -3*o + 3*a + g = 0. What are the prime factors of o?
2, 3
Let b = 98 - 104. What are the prime factors of (28/b)/((-24)/612)?
7, 17
Suppose -4*z + 30 = 3*y + z, 3*y - 60 = 5*z. List the prime factors of (-3*(-138)/y)/(12/40).
2, 23
Suppose -5 = -0*o + o, -4*d + 31 = -3*o. Suppose -12*k = -8*k + 16, -g - d*k = -115. What are the prime factors of g?
131
Let t be ((-2)/6)/((-2)/24). Suppose 4*x - 248 = -t*h, 5*x = h - 2 - 36. Suppose -26 - h = -2*u. List the prime factors of u.
2, 3, 7
Suppose 0*c + 484 = 2*c. Suppose 4*y - c = -y - 4*f, -f - 2 = 0. Suppose -4*a + 9*a - y = 0. List the prime factors of a.
2, 5
Suppose 0 = -j + 3*y + y + 11, y = -3*j + 72. What are the prime factors of j?
23
Let m(p) = -47*p - 65. What are the prime factors of m(-12)?
499
Let f = 36 + -31. Suppose -252 = f*d + 203. Let b = d + 142. What are the prime factors of b?
3, 17
Let q(m) be the first derivative of m**3/3 - 3*m**2/2 - 9*m - 16. What are the prime factors of q(11)?
79
Let t be ((-34)/6)/((-4)/24). Let s = 17 + t. What are the prime factors of s?
3, 17
Suppose -3*d - 5*r + 1257 = -4*r, 3*d + 5*r = 1245. What are the prime factors of d?
2, 3, 5, 7
Suppose 0 = -3*l + 5*l - 26. Suppose z + 0*z - l = 0. Let q = 16 - z. What are the prime factors of q?
3
Let o(y) = -15 - y**3 + 5*y**2 + 7*y + 7*y**2 + 2*y. What are the prime factors of o(12)?
3, 31
Let b = 41 - 36. Suppose 0 = -12*g + 9*g - 4*w + 400, b*g - 2*w = 684. List the prime factors of g.
2, 17
List the prime factors of (8 - 13)*508/(-10).
2, 127
Let t(v) = -5*v + 6*v + 26 - 2*v + 14. List the prime factors of t(0).
2, 5
Let a(n) = 489*n - 18. What are the prime factors of a(3)?
3, 7, 23
Let x(j) = 21*j**2 + 10*j - 4. What are the prime factors of x(-9)?
1607
Let o(q) = 2*q**2 + 30*q - 14. Let b be o(12). Let h = -348 + b. List the prime factors of h.
2, 11, 13
Suppose -5*b + 0*b - a + 18169 = 0, -a + 14536 = 4*b. What are the prime factors of b?
3, 7, 173
Suppose 0 = 3*t + t - 12. What are the prime factors of (0 - t)/((-27)/1008)?
2, 7
Let l(x) = -x**2 + 19*x - 28. Let a = -19 + 32. List the prime factors of l(a).
2, 5
Let d(t) = 4*t**2 - 2*t + 108. What are the prime factors of d(28)?
2, 797
Let c(v) = 9*v + 114. What are the prime factors of c(25)?
3, 113
Let u be (2/(-4))/(1/(-10)). Suppose -u*t = -4*t - 3*n - 10, 0 = 4*t + 2*n - 68. List the prime factors of t.
2
Let j be (-7)/((-14)/4)*2. Let t(p) = 2*p**2 - 6*p + 3. Let h be t(j). Suppose 4*c - 17 = h. What are the prime factors of c?
7
Let f(o) be the first derivative of o**4/4 + 4*o**3 + 4*o**2 - 6*o + 18. Let s(w) = 4*w + 5. Let q be s(-4). List the prime factors of f(q).
3
Let z = -149 - -217. Suppose -4 = -6*k + 5*k. Suppose -3*r = 4*u - z, -k*u + 7*u = -5*r + 95. What are the prime factors of r?
2
Let f be -1*(-2 + 0/(-2)). Suppose -4*b = 3*t + 8, 3*b + 4 + 2 = -2*t. Suppose 0 = -3*h, t*k + f*k = 5*h + 24. List the prime factors of k.
2, 3
What are the prime factors of 2426/5 + (-7)/35?
5, 97
Let m be (4/(-8))/((-1)/34). Let v be 51/(-6) - 7/14. Let q = m + v. What are the prime factors of q?
2
Suppose -122*j + 614536 = -71470. List the prime factors of j.
5623
Let k be (-5814)/(-45) + (-2)/10. Let c = k + -58. Let q = 99 - c. What are the prime factors of q?
2, 7
Suppose m - 1 = 1. Suppose -m*k = 2*x - 3*k - 309, -5*x + 5*k + 760 = 0. List the prime factors of x.
157
Let f(l) = l**3 - 8*l**2 + 3*l - 18. Let b(v) = 3*v + 7*v - 6*v. Let g be b(2). List the prime factors of f(g).
2, 3
Let r be ((-1)/2)/(1/(-2)). Let g be (r + 0)/((-3)/(-129)). Suppose -4*y = -g - 73. What are the prime factors of y?
29
Suppose -7*f + 4 = -3*f. Suppose 2*u = -f + 9. Suppose r + u*j = 3, -2*r + 4*j - 3 = -9. List the prime factors of r.
3
Let q(t) be the second derivative of t**5/20 - 11*t**4/12 - 13*t**3/6 + 2*t. Let a be q(12). Let n = -4 - a. List the prime factors of n.
2
Suppose 5*r = 6 + 4. Let b be (16 - 23)*r/(-2). Suppose -6*c + 5*c + b = 0. List the prime factors of c.
7
Let b(y) = -y**3 - 5*y**2 - 7*y - 23. Let j be b(-6). Suppose 8*g + j = 287. List the prime factors of g.
29
Suppose -m = -0*m - 3. Suppose -c + 180 = -2*n, 6 - 2 = 2*n. Suppose m*y = -0*y - 12, -4*w + y = -c. What are the prime factors of w?
3, 5
Let u(f) = 13*f - 7. Let d be (-20)/(-50) - (-26)/10. Let c be u(d). Suppose 0 = -4*z + c + 48. List the prime factors of z.
2, 5
Let i be 4/12 + (-129)/9. Let p = 53 + i. What are the prime factors of p?
3, 13
Suppose 